. What is the units digit of m?
0
Let n = -27 + 29. Suppose n*s = -s - 4*h + 41, -20 = -2*s + h. What is the units digit of s?
1
What is the tens digit of 4261 + 3/(-12) + 12/(-16)?
6
Suppose 4 = 2*y - 6. Suppose -2*i = 2*g - 0*i - 44, 2*g - y*i = 58. What is the units digit of g?
4
Let c = -558 - -382. Let q = -112 - c. What is the units digit of q?
4
Suppose 12 = 3*l, z = 4*z + 2*l - 350. Suppose 109*o - z*o + 155 = 0. What is the units digit of o?
1
Let a(l) be the first derivative of -l**6/120 - l**4/24 + 20*l**3/3 - l**2 + 10. Let g(k) be the second derivative of a(k). What is the tens digit of g(0)?
4
Let z(o) = -o**3 + 4*o**2 + 7*o - 7. Let m be (-10)/3*12/(-8). Let d be z(m). Suppose -d*r = -8*r + 270. What is the tens digit of r?
5
Let n(z) = 4 + 13*z**2 + 6*z**2 - 25*z**2 - z**3 + 4*z**2. Suppose 0 = -4*v + 4 - 16. What is the units digit of n(v)?
3
Let t(c) = c**2 + 36*c - 41. What is the tens digit of t(-63)?
6
Suppose -1025 = -2*j + 1697. What is the units digit of j?
1
Let l(m) = -5*m - 109. What is the units digit of l(-35)?
6
Let x be 4 + 123/(-8) + 9/24. Let r(w) = 2*w**3 - 12*w**2 + 13 - 15*w + 0*w**3 - 3*w**3. What is the tens digit of r(x)?
5
Let l(h) = 10*h - h**3 - 4*h + 2*h**2 + 67 - 4*h. What is the tens digit of l(0)?
6
Let n = -52 + 54. Suppose -n*c + 52 = 2*c. What is the tens digit of c?
1
Let w = 39 + -20. Suppose -3*m - 44 = m. Let c = w + m. What is the units digit of c?
8
Suppose -l - 10295 = -5*l + 7*n, -2*l = -4*n - 5146. What is the hundreds digit of l?
5
Let t be (-4)/(-8)*(-3)/(9/(-822)). Let w = 167 + -57. Suppose 0 = -2*g - 3*z + z + w, -3*g + t = -4*z. What is the units digit of g?
1
Let w be 22/88 - 45/4. Let h = w - -11. Suppose h*a + 280 = 4*a. What is the tens digit of a?
7
Suppose 0*a + 4*a = 12. Suppose 0 = 3*i - 8 - 16. Suppose -a*d = -i - 64. What is the tens digit of d?
2
Let b(h) = 4*h - 9. Let q be b(4). Suppose 485 = q*d - 124. What is the units digit of d?
7
Suppose k = -2*w + 1031, -26*k + w - 4096 = -30*k. What is the tens digit of k?
2
Let b(k) = 350*k**2 + 34*k + 94. What is the tens digit of b(-3)?
4
Let o be (3/(-2))/((-72)/48). Let r(s) = 125*s**2 + s. What is the hundreds digit of r(o)?
1
Let o(u) = -u - 7. Let a be o(-13). Suppose 0*d = a*d. Suppose 0 = -4*y - d*y + 16. What is the units digit of y?
4
Let o = -165 + 112. What is the units digit of 0 - 0/(-3) - (o - 2)?
5
Let p(d) = 116*d - 119*d - 2 + d**2 - 90*d**3 - 2*d**2. What is the tens digit of p(-1)?
9
Let y be (-47)/9 - (-2)/9. Let t be 8 + y + (-2 - -3). Suppose 3*p = -2*h + 41, 0*p - t*p = -3*h - 32. What is the units digit of p?
1
Let r = -3 - 5. Let j be (-6)/(-45) + r/60. Suppose j*w = -w + 49. What is the tens digit of w?
4
Let w be 20/8*18/15. Suppose 0 = w*g - 129 + 9. What is the tens digit of g?
4
Let j(x) = -11*x**3 + 28*x**2 - 13*x - 15. What is the thousands digit of j(-6)?
3
Suppose 48 = -4*l - 0*l. What is the tens digit of (-1180)/l + 2/3?
9
Suppose -12*g = -g. Suppose -x + 106 = 2*u, g = 4*x - 0*u + 4*u - 408. What is the units digit of x?
8
Let k(x) = -x**3 + 9*x**2 - 15*x - 4. Let y be k(7). Suppose -2*h - 37 = 3*m, -7 - 1 = h - 2*m. Let g = y - h. What is the units digit of g?
3
Let h(c) = c**3 - 14*c**2 - 4*c + 4. Let o be h(16). Let i = -275 + o. What is the hundreds digit of i?
1
Let i(x) = -114*x**3 + 11*x + 19. What is the thousands digit of i(-3)?
3
Suppose 2*o = -5*b + 845, 3*o - 174*b = -169*b + 1205. What is the hundreds digit of o?
4
Suppose 164*u + 2688 = 166*u. What is the tens digit of u?
4
Let k = 953 + -425. Suppose 5*j = -n + 131 - 14, 4*n + 5*j = k. What is the tens digit of n?
3
Let c(a) = -a**3 + 11*a**2 - 13*a - 10. Let o be c(9). Let g = o - -5. What is the units digit of g?
0
Suppose -3*r = -0*r. Suppose r = k - 0*k - 1, 2*s + 4*k - 228 = 0. Suppose 2*b - 6*b = -s. What is the units digit of b?
8
Let c = -305 + 1347. What is the thousands digit of c?
1
What is the tens digit of 2*(6 + 6201/18)?
0
What is the hundreds digit of (2/4)/((-13)/(-8190))?
3
Let g be 14/(-21) - 16/(-6). Suppose -160 = -5*q + g*k, -4*q + 0*k + 116 = -4*k. Suppose 0 = -x + 2*x - q. What is the units digit of x?
4
Let r(d) = -47*d**2 + 4*d - 4. Let b(y) = -y**2 - y + 1. Let j(s) = -12*b(s) - 4*r(s). What is the hundreds digit of j(1)?
2
Let j be 17/((12/9)/4). Let d(a) = -a**3 - 18*a**2 + 5. Let m be d(-18). Suppose 0 = -m*l + 166 - j. What is the units digit of l?
3
Suppose 0 = 5*h - 9*h. Suppose b + b - 146 = h. What is the tens digit of b?
7
Suppose s - a - 119 = 0, -s - 3*a - 475 = -5*s. Let v = -34 + s. What is the tens digit of v?
8
Suppose 0 = -2*s + 4*x + 24, -36 = 5*s - 8*s - 2*x. Suppose -2*y + 93 = -p, -2*p + 19 = y + 3*p. What is the tens digit of (y/8)/(3/s)?
2
Let i(g) = -g**3 - 17*g**2 + 12*g + 5. What is the units digit of i(-19)?
9
Let g = -63 - -66. Suppose -4*z = g*z - 805. What is the tens digit of z?
1
Let r(a) = a**3 + 8*a**2 - 13*a - 13. Let f be r(-9). Let o = f - 50. Let p = -8 - o. What is the tens digit of p?
1
Suppose -3 = -2*k + 1. Suppose -3*w + 244 = 4*n + k*w, -n = -4*w - 40. What is the tens digit of n?
5
Let o(m) = -m**2 + 20*m - 36. Let y be o(12). Suppose -13*h + 528 = y. What is the units digit of h?
6
Let g be (-1)/(-3) - 1790/(-30). Suppose -2*p + g = p + 4*h, 2*p + h - 45 = 0. Suppose p = f + 2. What is the units digit of f?
2
Let a be -3 + 17 + 0 - -1. Let o = a - 8. What is the tens digit of (24/(-14))/((-1)/o)?
1
Suppose 1086 = -34*y + 35*y + a, -y = 2*a - 1086. What is the tens digit of y?
8
Suppose 0 = 2*j - s - 0*s + 118, 0 = 2*j + 3*s + 134. What is the tens digit of j*(6/(-2) - -2)?
6
Let s = -22 + -11. Let i = s + 49. What is the tens digit of ((-34)/4)/((-8)/i)?
1
Let h = 13 + -10. Let c = -1 + h. Suppose 4*a - 2*y = 50, 55 = c*a + a + 2*y. What is the units digit of a?
5
Let r(d) = -143*d**2 + 4*d + 4. Let i be r(-1). Let z = 210 + i. What is the tens digit of z?
6
Suppose 0 = 2*s + 4 - 14. Suppose -75 = 3*v - s*b - 1, -4*v = 3*b + 60. What is the tens digit of (-14)/(-1)*(-45)/v?
3
Let g(k) = -k**3 + 4*k**2 + 12*k + 1. Let d be g(6). Let n be -3*d/(2/(-198)). Suppose -3*f = -n + 72. What is the tens digit of f?
7
Suppose 2*l = -42 + 46. Suppose 0 = -l*i + 6, 2*o - 3*i - 101 = 154. What is the units digit of o?
2
Suppose -20*o + 4275 = 37*o. What is the tens digit of o?
7
What is the units digit of 263 - 1/2*-4?
5
Let b(q) = 7*q + 19. Suppose -25*g + 35 = -20*g. What is the tens digit of b(g)?
6
Let r = 862 - -431. What is the hundreds digit of r?
2
Let z(f) = 106*f - 13. Let v be z(3). Suppose 0 = 3*c + 2*c - v. What is the units digit of c?
1
What is the units digit of (-18 + 0)/((-27)/360)?
0
Let d = -16 + -28. Let q = 2 - d. What is the units digit of q?
6
Suppose -82 + 19 = -7*a. Suppose -2*j = j - 27. What is the units digit of 3/(j/2)*a?
6
Let v(s) = 3 + s**3 - 7*s**2 - 3*s**2 - s + 10 + 0*s**2. What is the units digit of v(10)?
3
Let o(h) = h + 13. Let g be o(-6). Let t(b) = b**2 - 3*b + 38. Let c be t(-11). Suppose -3*s + a = -144, -4*s = g*a - 2*a - c. What is the units digit of s?
8
Let n be 1*(-4)/(-10) + 16/10. Let c = 11 - 8. Suppose n*i = s - 5*s + 12, c*i = 5*s + 29. What is the units digit of i?
8
Suppose 5*n - 3*p = 17976 + 2450, 2*p = -n + 4080. What is the tens digit of n?
8
Let c(j) = -j + 10. Let n be c(9). Let p be (-20*(n + -4))/1. Suppose -2*r = r - p. What is the tens digit of r?
2
Let o = -889 - -1248. What is the units digit of o?
9
Suppose -2*z + 32 = 2*y, -3*z - 4*y = 4 - 52. Let p be 70/2 + (-2 - -6). What is the units digit of (-4)/z*-4*p?
9
Let s = -253 + 127. Let d = 102 - s. What is the hundreds digit of d?
2
Let t(s) = 3*s + 5. Let x be t(0). Suppose -98 - 227 = -x*n. What is the tens digit of n?
6
Let t(m) be the first derivative of m**3/3 - 6*m**2 + 37*m - 10. What is the units digit of t(11)?
6
Let f = 306 - 482. Let i = f + 386. What is the tens digit of i?
1
Let s(j) = 27 + 5*j + 20 - 76 + 26 + 6*j**2. What is the tens digit of s(3)?
6
Suppose -3*c - 253 = 125. Let a = c + 190. What is the tens digit of a?
6
Suppose -3*s - 3*f + 1 = s, s - 4*f = 24. Suppose -3*b + s*l + 5 = -4*b, -b = -l. Let r(d) = -19*d - 1. What is the units digit of r(b)?
8
Suppose -448*g = -447*g - 316. What is the tens digit of g?
1
Let i(z) 